{"id":4507,"date":"2016-04-20T18:53:27","date_gmt":"2016-04-20T16:53:27","guid":{"rendered":"http:\/\/santpedor.net\/wp\/?page_id=4507"},"modified":"2020-03-19T19:11:26","modified_gmt":"2020-03-19T18:11:26","slug":"laura-rubio","status":"publish","type":"page","link":"https:\/\/santpedor.net\/radio\/laura-rubio\/","title":{"rendered":"Laura Rubio"},"content":{"rendered":"<table id=\"perfil_personal\">\n<tr>\n<td><img decoding=\"async\" src=\"https:\/\/santpedor.net\/img\/programa_perfil_laura_rubio.jpg\" alt=\"Laura Rubio\" \/><\/td>\n<td>La Laura comen\u00e7a la seva etapa radiof\u00f2nica a finals del 2014, arran d&#8217;un curs organitzat pel Lokal de la Vila i R\u00e0dio Santpedor. Aix\u00ed, va passar a fer el control t\u00e8cnic del Pla\u00e7a Gran (programa mensual d&#8217;actualitat santpedorenca amb el Marc Mart\u00ednez) i donant un cop de m\u00e0 de tant en tant &#8220;darrere del vidre&#8221; en algun altre programa.<br \/>Quan es va acabar la primera temporada va comen\u00e7ar a plantejar-se fer una proposta de programa, compaginant la seva col\u00b7laboraci\u00f3 amb el Pla\u00e7a Gran. Aix\u00ed que tot parlant amb una amiga, la Cl\u00e0udia Mateo, va sorgir la idea del Lisztomania, un programa de m\u00fasica setmanal que co-presenten els dissabtes a la nit. I tamb\u00e9 va comen\u00e7ar un programa mensual nou, el Veus de Santpedor, amb el Juan Jos\u00e9 Nieto, en el que es parlen de temes del poble i d&#8217;actualitat, amb persones del poble.<br \/>\n<a class=\"fa-facebook\" href=\"https:\/\/www.facebook.com\/radiosantpedor\"><\/a><a class=\"fa-twitter\" href=\"https:\/\/twitter.com\/rsantpedor\"><\/a><a class=\"fa-globe\" href=\"https:\/\/santpedor.net\"><a class=\"programa_web\" href=\"lisztomania\">Lisztomania<\/a><a class=\"programa_web\" href=\"placa-gran\">Pla\u00e7a Gran<\/a><\/td>\n<\/tr>\n<\/table>\n","protected":false},"excerpt":{"rendered":"<p>La Laura comen\u00e7a la seva etapa radiof\u00f2nica a finals del 2014, arran d&#8217;un curs organitzat pel Lokal de la Vila i R\u00e0dio Santpedor. Aix\u00ed, va passar a fer el control t\u00e8cnic del Pla\u00e7a Gran (programa mensual d&#8217;actualitat santpedorenca amb el Marc Mart\u00ednez) i donant un cop de m\u00e0 de tant en tant &#8220;darrere del vidre&#8221; [&hellip;]<\/p>\n","protected":false},"author":1,"featured_media":0,"parent":0,"menu_order":0,"comment_status":"closed","ping_status":"closed","template":"","meta":{"footnotes":""},"class_list":["post-4507","page","type-page","status-publish"],"_links":{"self":[{"href":"https:\/\/santpedor.net\/radio\/wp-json\/wp\/v2\/pages\/4507","targetHints":{"allow":["GET"]}}],"collection":[{"href":"https:\/\/santpedor.net\/radio\/wp-json\/wp\/v2\/pages"}],"about":[{"href":"https:\/\/santpedor.net\/radio\/wp-json\/wp\/v2\/types\/page"}],"author":[{"embeddable":true,"href":"https:\/\/santpedor.net\/radio\/wp-json\/wp\/v2\/users\/1"}],"replies":[{"embeddable":true,"href":"https:\/\/santpedor.net\/radio\/wp-json\/wp\/v2\/comments?post=4507"}],"version-history":[{"count":0,"href":"https:\/\/santpedor.net\/radio\/wp-json\/wp\/v2\/pages\/4507\/revisions"}],"wp:attachment":[{"href":"https:\/\/santpedor.net\/radio\/wp-json\/wp\/v2\/media?parent=4507"}],"curies":[{"name":"wp","href":"https:\/\/api.w.org\/{rel}","templated":true}]}}